79
Let q = -51 - -101. Suppose -q = -2*h - 10. What are the prime factors of h?
2, 5
List the prime factors of 2/8 - ((-5761)/28 - -7).
199
Suppose -2*g = -5*p - 5591, 98*p - 101*p - 5581 = -2*g. List the prime factors of g.
11, 23
Let o(u) = -3*u**3 - u**2. Let g be o(1). Let h(t) = -14*t - 9. Let s be h(g). Let c = -27 + s. What are the prime factors of c?
2, 5
Let c = -248 + 329. What are the prime factors of c?
3
What are the prime factors of ((-13)/(104/9376))/(-2)?
2, 293
Suppose 8470 = 22*b - 11396. List the prime factors of b.
3, 7, 43
Suppose -7*f - 392789 = -108*f. List the prime factors of f.
3889
Let v(o) = -12*o**3 + o**2 + 4*o - 3. Let c be v(2). Let l be c/(-2)*80/30. Suppose l + 4 = 3*h. List the prime factors of h.
2, 5
Suppose -2*u = -3*z - 70 - 355, u - z = 214. Suppose 0 = -3*r - 4*r + u. List the prime factors of r.
31
Suppose -34 = -4*t - 5*z + 145, -97 = -2*t - 5*z. Let s = 11 + t. List the prime factors of s.
2, 13
Suppose 0 = h - 6*h + 5*z - 480, 2*z = -h - 102. Let b = 182 + h. List the prime factors of b.
2, 3, 7
Suppose -v + 12 = 2*v. Let x(f) = 3*f**3 + 5*f**2 - 5*f + 2. Let r be x(v). Suppose -75 = -q - 3*b - 24, 0 = -4*q - 2*b + r. List the prime factors of q.
2, 3, 11
Suppose 0*x - x = 17. Let f = 69 - x. Suppose 2*s - f - 48 = 0. What are the prime factors of s?
67
Let g(q) = -3*q**3 - 6*q**2 + 7*q - 6. Let s(h) = 6*h**3 + 13*h**2 - 15*h + 12. Let n(d) = 13*g(d) + 6*s(d). What are the prime factors of n(-4)?
2, 7, 13
Let m = 6 + -3. Suppose -5 = m*o + 1. Let n(t) = -2*t**3 + t**2 - t + 1. List the prime factors of n(o).
23
Suppose -4*a - 12 = 2*h + 4, 3*h = -5*a - 20. Suppose d - 37 = -4*s, -s - d + 19 = -4*d. What are the prime factors of h/(9/(-3)) + s?
2, 5
Suppose 15*j = 19509 + 9246. List the prime factors of j.
3, 71
Let u = 183 + 733. List the prime factors of u.
2, 229
Let h = 1563 + -925. List the prime factors of h.
2, 11, 29
Suppose 0 = -11*y + 4*y + 1785. What are the prime factors of y?
3, 5, 17
Let t(x) = -3*x - 21. Let o be t(-9). Let u(l) = -l**3 + 7*l**2 - l - 8. What are the prime factors of u(o)?
2, 11
Suppose -11*f + 10*f + 131 = 0. Suppose -k - 140 = -4*d, -4*d = -4*k + 3 - f. List the prime factors of ((-8)/6)/((-3)/d).
2
Let c(y) = -y - 1. Let u(v) = -v**2 + v + 9. Let d(p) = -2*c(p) - u(p). What are the prime factors of d(-8)?
7
Let w = -40 - -120. Let n = 134 - w. What are the prime factors of n?
2, 3
Let s(r) = 818*r - 252. List the prime factors of s(2).
2, 173
Let j = -199 - -139. Let u = 131 + j. List the prime factors of u.
71
Let y(u) = -39*u**2 + 3*u - 2. Let d(c) = 39*c**2 - 4*c + 3. Let t = 13 + -17. Let q(v) = t*y(v) - 3*d(v). What are the prime factors of q(1)?
2, 19
Suppose -3*q - q = -5*o - 29, 4*o + 4 = 0. Let r(j) = j**3 - 7*j**2 + 9*j - 2. What are the prime factors of r(q)?
2
Suppose -2*b = -2*j - 710, -5*b + 5*j - 3*j + 1769 = 0. Suppose 8 = -15*h + b. What are the prime factors of h?
23
Suppose -2*q = -4*v - 2, q - 5*v = -q - 2. Suppose q*s - 372 = 5*s. List the prime factors of s.
3, 31
Let j(k) = k + 11. What are the prime factors of j(12)?
23
Let d(m) = m**2 + 13*m - 38. What are the prime factors of d(18)?
2, 5, 13
Let k(n) = n**2 - 2*n + 1. Suppose 0 = -0*u - 5*u + 20. Let y be (2 + -8)*(-2)/u. List the prime factors of k(y).
2
Let d(w) = -8*w + 67. Let h(v) = v**2 - 13*v - 14. Let b be h(14). List the prime factors of d(b).
67
Let l(x) be the third derivative of x**4/24 + 5*x**3/3 - 6*x**2. Let u be l(-10). Suppose n + 3*i = -u*n + 27, 5*n - 119 = i. What are the prime factors of n?
2, 3
Let b be 3 + -13 - (-2 + 0). List the prime factors of ((-262)/b)/(1/4).
131
Let y(a) = -a**3 - 6*a**2 - 5*a - 10. Let o be y(-6). Suppose 2*d = -2*q + o, 0 = 4*q + q - 10. What are the prime factors of d?
2
Suppose 0 = 5*j - 144 - 16. Suppose 0 = -0*t + t + 2. Let f = j + t. List the prime factors of f.
2, 3, 5
Let g = 5 + 15. Suppose -22*b + 18*b + g = 0. Suppose b*k - 3 = 12. List the prime factors of k.
3
Suppose 0 = 2*h + 4*h - 54. Suppose h*x - 797 = -131. List the prime factors of x.
2, 37
Suppose -674 - 520 = -c. What are the prime factors of c?
2, 3, 199
Let d(w) = 31*w**2 + 21*w + 84. List the prime factors of d(-4).
2, 31
What are the prime factors of ((-178)/(-4))/((90/24)/15)?
2, 89
Suppose -3*a = i + 5, -4*a + i - 5*i - 12 = 0. What are the prime factors of (76/16 + a)*12?
3, 5
Suppose 3*y + 2*i - 1464 = 0, -3*y + 1910 = 5*i + 446. List the prime factors of y.
2, 61
What are the prime factors of (936/(-40))/((-9)/750)?
2, 3, 5, 13
Suppose -5*s + 9 = -16. Suppose -3*m + 126 = 3*m. List the prime factors of m/105 - (-134)/s.
3
Let y = 20 - 41. Let p = -9 - y. Suppose -h - p = -5*h. What are the prime factors of h?
3
Suppose -58 + 18 = -2*g. Let z(n) = -10*n + 1. Let i be z(-5). Let u = i - g. What are the prime factors of u?
31
Suppose 5*x + 3*s = 6670, 5*x - 2*x + 2*s - 4002 = 0. List the prime factors of x.
2, 23, 29
Let a(k) = k**2 + 9*k + 8. Let o = -23 - -16. Let r be a(o). Let j(q) = q**2 + 9. List the prime factors of j(r).
3, 5
Suppose y - 825 = -9*h + 4*h, 2*y = 4*h + 1594. List the prime factors of (-1)/4 - y/(-20).
2, 5
Let c be 0 + 818/(-10) - (-2)/(-10). List the prime factors of ((-2 + -2)/(-1))/((-4)/c).
2, 41
Let a(v) = 139*v**2 + 4*v - 1. What are the prime factors of a(-2)?
547
Suppose -4*j + 3*j = -13. Let t(w) = 5*w + 23. List the prime factors of t(j).
2, 11
Let q be 6*3*(-111)/(-54). Let v = q - -28. What are the prime factors of v?
5, 13
Suppose 2*x = -4*v + 3790, 5*x = -3*v + 2*v + 961. What are the prime factors of v?
2, 11, 43
List the prime factors of 1/(1*(-2)/6) - -92.
89
Let w(n) = -n**3 + 13*n**2 - 11*n - 4. Let y be w(12). Suppose 16 = 4*c - 28. Suppose 45 = 5*l + 5*q, -y = -l + q + c. List the prime factors of l.
2, 7
Let k(g) = g**3 - 12*g**2 - 5*g + 7. Let p(r) = r**2 - r + 1. Let a(f) = -k(f) - 2*p(f). What are the prime factors of a(10)?
61
Let u(r) = -r**2 - 25*r + 57. Let d be u(-27). Suppose 2*l + 3*h - 166 = 8*h, d*l = 5*h + 249. What are the prime factors of l?
83
Let q = 157 + -109. Let m = 13 + q. What are the prime factors of m?
61
Let p be (-4 - -2) + 860/5. Suppose -155 - p = -5*g. What are the prime factors of (g/(-10))/(3/(-6))?
13
Suppose -5*a + a - 2*q = -290, 3*a - 215 = -2*q. Suppose -7*f = -4*f - a. List the prime factors of f.
5
Let j(t) = t**2 + 17*t + 18. Let l be j(-20). Let c = 76 + l. What are the prime factors of c?
2, 7, 11
What are the prime factors of 69605/50 - (-3)/(-30)?
2, 3, 29
Let i(d) = 18*d**3. Let u be i(1). Let b be (30/(-4))/(u/264). What are the prime factors of (-66)/b - (-12)/5?
3
Suppose -49 = -4*b - 5*r, 2*b + 3 = -0*b + 3*r. Let y be b*6/9*1. Suppose -y*d = -4 - 16. What are the prime factors of d?
5
Let j(d) = -3*d**2 - 12*d + 5. Let n(k) = -2*k**2 - 12*k + 4. Let u(q) = -4*j(q) + 5*n(q). Let t be u(10). Suppose 6*i - i = t. What are the prime factors of i?
2
Let z(q) = q + 9. Let v be z(-4). Suppose 180 = v*g - 90. List the prime factors of g.
2, 3
Let c(s) be the third derivative of s**4/3 + 9*s**3/2 + 16*s**2. List the prime factors of c(10).
107
Suppose 2*a = -0*a + 2, 0 = 5*o + a - 31. Suppose 0 = 2*t - o*t + 56. List the prime factors of t.
2, 7
Let h be (-3)/4 - (2 - (-33)/(-12)). Suppose h = 5*g + 4*l - 385, 0*l - 5 = l. What are the prime factors of g?
3
Suppose -1048 = 8*k - 88. What are the prime factors of (k/70)/(1/(-161))?
2, 3, 23
Suppose -5*n = -2*n + x + 31, -4*n = x + 41. Let s = 201 + n. What are the prime factors of s?
191
Let z(n) be the third derivative of -n**4/24 + 8*n**3/3 - n**2. Let p be z(11). List the prime factors of 6/((60/8)/p).
2
Suppose 9*f + 160 = 2320. Suppose -4*i - f = 4*k - 1108, 0 = 2*k + 3*i - 435. List the prime factors of k.
2, 3
Let z(k) = k**2 - 6*k + 3. Let v(n) = 7*n - 1. Let d be v(1). Let w be z(d). Suppose w = q - 14. What are the prime factors of q?
17
What are the prime factors of 30242*10/210 + (-6)/63?
2, 3, 5
Suppose -12 = -0*u + 2*u. Let h = u + 5. Let b = h + 22. List the prime factors of b.
3, 7
Let d(q) = q. Suppose -3*o - 2*a + 8 = 0, -a + 6 = 3*o - 1. Let z be d(o). Suppose c = -z*p + 19 - 4, -3*p = 4*c - 85. What are the prime factors of c?
5
Suppose -5*n = -20, 3*a - 7*a = -n - 16. What are the prime factors of 78/5 - (